4/12 - 17*c**3/3 - 43*c**2 + 3935*c. What is m(-29)?
59
Let c(g) = -g**2 + 11*g + 6. Let m(q) = 2*q**2 - 85*q + 659. Let b be m(10). Determine c(b).
24
Let y(k) be the third derivative of -k**4/24 - 60*k**2. Let p be 2/2*(-3)/(9/(-15)). Calculate y(p).
-5
Let r = 311 + -309. Let t(k) = -5 + 2 + k**3 + 8 + 2*k - 2*k**3 + 3*k**r. Let v be (-10)/(-3)*(-24)/(-20). Determine t(v).
-3
Let g be 6/(-21) - (-22 + (-6090)/(-294)). Let x(u) be the third derivative of -23*u**4/24 + u**2. What is x(g)?
-23
Suppose 2*j = -2*u + 6, 3 = -5*u - 2. Let v = 21 - j. Let z(m) = m**3 - 18*m**2 + 16*m + 24. Determine z(v).
7
Let d(f) be the second derivative of f**5/20 - f**4/2 + f**3/3 - 4*f**2 - 664*f. Calculate d(7).
55
Let k be 630/(14 - -7) - (-5 - 0). Let y(i) = -i**3 + 35*i**2 + 3*i - 100. What is y(k)?
5
Let d = -689 - -681. Let p(h) = h**3 + 5*h**2 - 24*h - 3. Let v be p(d). Let s(t) = -7*t + 0*t + 1 + 3*t**2 + 3*t + t**3. What is s(v)?
13
Let b(c) = 4*c**2 - 9*c - 17. Let l(u) = -6*u**2 + 7*u + 19. Let g(o) = -5*b(o) - 4*l(o). What is g(-5)?
24
Let k(r) = r**3 - 5*r**2 - 21*r + 8. Let x(q) = 34*q**2 + 67*q + 5. Let f be x(-2). Give k(f).
-41
Let n(l) = -l**3 + 6*l**2 + 8*l - 2. Let d(c) = 2*c**3 + 24*c**2 + 18*c + 56. Let y be d(-12). Let m = -65 + 39. Let w be 1 + 10/(-65) + y/m. What is n(w)?
5
Let h(u) = u**2 - 4. Let n(m) = -m**2 - m + 4. Suppose 0 = -j + 6 - 1, j = -4*r - 19. Let w(c) = r*h(c) - 5*n(c). Calculate w(6).
-2
Let b(y) = -2*y + 12. Let d(g) = -7*g + 64. Let j(u) = -6*b(u) - d(u). What is j(7)?
-3
Let f be ((-28 + 23)*(-4)/25)/((-24)/60). Let i(j) = -21*j - 49. Give i(f).
-7
Let c(l) = -17*l - 8. Let m(p) = 22*p + 11. Let j(x) = -9*c(x) - 7*m(x). Let h = 11 - 15. Calculate j(h).
-1
Let q(a) = a**2 + a + 3. Let i be q(0). Let b(m) = 7*m**2 + m**i + 33 + 27 - 59. Let p(o) = o - 7. Let h be p(0). Give b(h).
1
Let g = 3 + 0. Let u(m) be the second derivative of -m**3/3 - m**2 - 7814*m. Give u(g).
-8
Suppose 3*f - 2 = -2*t + 20, 0 = 2*t - 16. Let r(s) be the third derivative of s**6/120 + s**5/20 - s**3/6 - s**2. Determine r(f).
19
Let t(w) be the second derivative of w**4/12 - 3*w**2/2 - w. Suppose -5*r + 5 = -3*v - 13, 5*v - 20 = 0. Give t(r).
33
Let h(w) = -w**3 + 1. Let g(i) = -5*i - 15. Let z be g(-4). Let v be 3/(-9)*z*(-6)/1. Suppose 6 = 4*p + v. What is h(p)?
2
Suppose 1 = j, 0 = -0*s + 4*s + 5*j - 13. Let h(q) = -10*q - 31*q + 1 - 8*q**s + 41*q. Give h(1).
-7
Let l(f) = 10 + 10*f - f**2 - 2*f**2 - f**2 + 5*f**2. Let d(b) = b**3 - b**2 - 15*b - 16. Let y be d(-3). Give l(y).
-11
Let a = -10249 + 10252. Let x(z) = z**3 - 3*z**2 + 8*z - 14. What is x(a)?
10
Let j(z) = 17*z**2 - 45*z + 35. Let c(k) = 7*k**2 - 22*k + 18. Let p(b) = b**2 + b - 8. Let s be p(-3). Let l(g) = s*j(g) + 5*c(g). Determine l(19).
1
Suppose -4*q = -5*z - 22 + 7, 5*q + 4*z + 12 = 0. Suppose q = -7*h + 8*h + j - 11, 5*j = 20. Let v(o) = -o**3 + 7*o**2 + 7. What is v(h)?
7
Suppose 4*h = -2*p - 46, -4*h - 21 = -4*p - 17. Let t(w) = -14*w - 72. Determine t(p).
26
Let i(d) be the second derivative of 140*d + 0 - 1/3*d**3 - 9*d**2. Give i(-6).
-6
Let y(w) be the third derivative of -w**6/120 - w**5/60 - w**4/12 + w**3/2 - 39*w**2. Let h be y(0). Let u(f) = f**2 - f + 3. Give u(h).
9
Let b(r) = -r**2 - 3*r - 5. Let a be 11 + 79547/(-117) + 1/(-9). Let l = a + 665. What is b(l)?
-9
Let r(j) = -j**3 + 17*j**2 + 1. Let g be r(17). Let l(p) = -30*p + 38*p - g - 10*p. What is l(-5)?
9
Let h(l) = -3*l**3 + 2*l**3 - 8*l + 5*l - 4*l**2 + 2*l**2. Suppose 2*m - 4 - 12 = 4*c, -4*m - 28 = 4*c. Let i be (m/(-5))/((-6)/30). Determine h(i).
6
Let l(o) be the third derivative of o**7/840 + o**6/180 - o**5/24 - o**4/12 - 107*o**3/6 + 44*o**2. Let t(v) be the first derivative of l(v). Determine t(-4).
-14
Let q(l) = -5*l - 7. Let c(u) = -u - 134. Let p(h) = c(h) + q(h). Give p(-22).
-9
Let z(u) = 52 + u + 34 + 55 + 35 - 220. Determine z(40).
-4
Let m(a) be the second derivative of -a**5/10 - 37*a**4/12 - 17*a**3/2 - 3*a**2/2 - 60*a - 1. What is m(-17)?
-3
Let q(y) = -103*y + 58. Let c(n) = -36*n + 19. Let i(t) = -17*c(t) + 6*q(t). Let o(w) = w - 7. Let j(z) = -i(z) - 4*o(z). Determine j(-3).
-3
Let o(v) be the third derivative of 1/6*v**3 + 46*v**2 - 2 + 1/6*v**4 + 0*v. Calculate o(-1).
-3
Let l(x) = x**3 - x**2 + 2*x - 5. Suppose -6 = 4*q - 3*q + c, 4*c = q - 14. Let v(m) = 3*m**3 - 3*m**2 + 4*m - 11. Let f(y) = q*v(y) + 5*l(y). Give f(3).
-15
Let m(p) be the third derivative of -1/10*p**5 + 1 - 79*p**2 + 1/6*p**3 + 0*p**4 + 0*p. What is m(-1)?
-5
Let h(a) = -6*a**2 - 19*a - 2. Let k(o) = -5*o**2 - 18*o - 3. Suppose 0 = -16*q + 5*q - 44. Let z(u) = q*h(u) + 5*k(u). Calculate z(-9).
38
Let p(j) = j**3 + 17*j**2 + 53*j + 23. Suppose 51 = -3*c + 2*q, 2*q + 86 - 72 = -2*c. What is p(c)?
10
Suppose -5*g = d - 5, 2*g = 4*g + 3*d - 2. Let a(u) = 15*u**2 - 11*u - 4*u**2 + 3*u + 7*u. Calculate a(g).
10
Suppose -8*c - 197 = -301. Suppose c = -u + 5*p + 24, 3*u + 3*p = -3. Let q(z) = 9*z**3 + z**2 + z - 1. What is q(u)?
10
Let n(z) = z**2 - 5*z - 17. Let t be (-61)/(-9) - 8/(-36). Let u be n(t). Let v(x) = -1457*x - 2 + 5 - x**2 - x**3 + 1459*x + x**2. Calculate v(u).
24
Suppose -94 = 17*z - 502. Suppose -19*l = -z*l + 50. Let v(k) = -k + 19. What is v(l)?
9
Suppose -12 = -0*a - 2*a. Suppose -d - a = -5*x - 4, 0 = -2*x + 2. Let z(k) = k + k - 2 - d*k + 14. What is z(0)?
12
Let a(i) = -i**2 + 2*i. Let c be a(2). Let n = 230 - 25. Let z(g) = 4 - 106*g - 98*g + n*g. Calculate z(c).
4
Let c(f) = 4*f - 1 - 1544*f**2 + 851*f**2 + 678*f**2. Calculate c(1).
-12
Let s = 22 - 19. Suppose -5*l + 2*l = s*t - 6, -3*l + 20 = -4*t. Let j(i) = i**2 - 6*i - 1. Let m(n) = n**2 - 5*n. Let b(x) = 4*j(x) - 6*m(x). Calculate b(l).
-12
Suppose -6*q + 11*q - 20 = 0. Suppose q*h - 244 = -5*v, -4*v + 3*h + h + 188 = 0. Let r = v - 46. Let j(d) = 2*d**2 - 2*d - 1. What is j(r)?
3
Let m(d) = -d**3 - 18*d**2 + 39*d - 22. Let u(c) = -2*c**3 - 19*c**2 - 60*c - 95. Let q be u(-5). Determine m(q).
-2
Suppose -118*f - 125*f = -100*f - 286. Let a(d) = -3*d**3 - d**2 + 5*d + 1. Give a(f).
-17
Let f be (72/(-12))/((-6)/4). Let c(a) be the third derivative of a**5/30 + 7*a**4/24 - a**3 + 1047*a**2. Calculate c(f).
54
Let q(d) = -3*d**2 - 61*d + 22. Let h be q(-21). Let o(g) = g + 24. Determine o(h).
4
Let j(v) be the second derivative of -v**4/12 + 4*v**3/3 - 3*v**2 - v. Suppose -5283*a + 5279*a + 32 = 0. Calculate j(a).
-6
Let b(a) be the second derivative of -a**6/360 + 19*a**5/120 + 37*a**4/12 - a - 68. Let u(t) be the third derivative of b(t). Give u(7).
5
Let z = -250 - -250. Let c(f) = 13*f**2 + 13*f + 23. Let v(i) = -7*i - 14 + 10 - 7*i**2 - 8. Let q(t) = 6*c(t) + 11*v(t). What is q(z)?
6
Let k(y) be the first derivative of 13*y**2/2 + 20*y + 657. Let v(p) = -6*p - 10. Let x = -3 + 7. Let r(j) = x*k(j) + 9*v(j). Determine r(-7).
4
Let u be 6*(60/63 - 4/14). Let a(n) = 4*n**3 + 4*n**2 + 9*n + 2. Let t(i) = 11*i**3 + 9*i**2 + 25*i + 5. Let c(w) = 8*a(w) - 3*t(w). Determine c(u).
5
Let g(s) = -6*s - 15. Let i be g(-2). Let d(u) = 4*u + 10. Let m be d(i). Let w(z) = 2*z + 3. Give w(m).
-1
Let t(v) = -5*v - 30. Let j(w) = -6*w - 33. Let b = -199 - -203. Let x(r) = b*t(r) - 3*j(r). What is x(-9)?
-3
Let q(r) = 8 - 662666*r**2 - r + 662667*r**2 - 2*r. What is q(6)?
26
Let o(u) = -u**3 - 9*u**2 - 8*u + 13. Let f be o(-8). Suppose -x = 3*x - 20, 2*v - 3*x + f = 0. Let d(j) = 3*j + j - 4*j**2 - 6*j + v. What is d(1)?
-5
Let s(h) = 15*h + 3. Let c(z) = -7*z - 1. Let k(b) = 5*c(b) + 2*s(b). Suppose 0 = 8*m + 12*m + 60. Let o(f) = 6*f + 20. Let v be o(m). Determine k(v).
-9
Let b(n) be the third derivative of n**6/120 + 3*n**5/20 + n**4/3 - n**3/2 - 7*n**2. Let w be 830/30 - (-4)/3. Let s = -37 + w. What is b(s)?
-3
Let u(x) = x**2 + 18*x + 15. Suppose 16*o - 2*g = 20*o + 52, 5*o + 4*g = -65. Give u(o).
-50
Let d(t) = 3*t**3 - t**2 - 3*t + 1. Let g(n) = -n**2 - 38*n - 194. Let c be g(-32). Determine d(c).
-21
Let w(l) be the first derivative of -l**3 + 35*l**2/2 - 36*l + 7803. Give w(13).
-88
Suppose -52 = 8*m - 34*m. Suppose -m*w - o - 24 = -10, 0 = w - 5*o - 15. Let s(q) = -q**2 + 5. Determine s(w).
-20
Let v(b) be the third derivative of -7/24*b**4 + 4/3*b**3 + 0*b + 1/60*b**5 + 2*b**2 + 0. Let c = 5566 - 5560. Give v(c).
2
Let n(l) = -l